{"id":128,"date":"2024-02-29T10:52:01","date_gmt":"2024-02-29T10:52:01","guid":{"rendered":"https:\/\/icar.co.mz\/GMAP\/?page_id=128"},"modified":"2024-03-28T12:41:56","modified_gmt":"2024-03-28T12:41:56","slug":"o-que-fazemos","status":"publish","type":"page","link":"https:\/\/icar.co.mz\/GMAP\/index.php\/o-que-fazemos\/","title":{"rendered":"O que fazemos"},"content":{"rendered":"\n<p><strong>Governan\u00e7a do Projecto<\/strong><\/p>\n\n\n\n<p>A principal contraparte nacional \u00e9 o Minist\u00e9rio do Mar, \u00c1guas Interiores e Pescas (MIMAIP), sendo o INIP e o IDEPA as principais institui\u00e7\u00f5es benefici\u00e1rias ligadas ao sector. O projecto beneficiar\u00e1 tamb\u00e9m outras institui\u00e7\u00f5es p\u00fablicas integrantes do Sistema de Infraestruturas da Qualidade, como ADNAP, InOM, LIP, SDAE, DNV e INNOQ, al\u00e9m de PME e associa\u00e7\u00f5es de produtores selecionadas. Foram nomeados pontos focais para o projecto e estabelecido um Comit\u00e9 T\u00e9cnico como principal mecanismo de governan\u00e7a.<\/p>\n\n\n\n<figure class=\"wp-block-image size-full\"><img fetchpriority=\"high\" decoding=\"async\" width=\"730\" height=\"305\" src=\"https:\/\/icar.co.mz\/GMAP\/wp-content\/uploads\/2024\/03\/O-que-fazemos-01.jpg\" alt=\"\" class=\"wp-image-202\" srcset=\"https:\/\/icar.co.mz\/GMAP\/wp-content\/uploads\/2024\/03\/O-que-fazemos-01.jpg 730w, https:\/\/icar.co.mz\/GMAP\/wp-content\/uploads\/2024\/03\/O-que-fazemos-01-300x125.jpg 300w\" sizes=\"(max-width: 730px) 100vw, 730px\" \/><\/figure>\n\n\n\n<p><strong>Unidade de Gest\u00e3o de Projectos e Equipa de Suporte T\u00e9cnico<\/strong><\/p>\n\n\n\n<p>A UNIDO estabeleceu uma equipa para a execu\u00e7\u00e3o do projecto, composta por um Gerente L\u00edder de Projecto, um Administrador de Projecto e outras equipas de suporte. Foi recrutado um Assessor T\u00e9cnico e um Especialista Nacional em garantia de qualidade para as actividades iniciais. A Unidade de Gest\u00e3o de Projectos (UGP) desempenha um papel importante na implementa\u00e7\u00e3o, coordena\u00e7\u00e3o e opera\u00e7\u00f5es di\u00e1rias do projecto.<\/p>\n\n\n\n<p><strong>Promo\u00e7\u00e3o do Desenvolvimento Empresarial<\/strong><\/p>\n\n\n\n<p>An\u00e1lise do Ambiente Empresarial: Realiza an\u00e1lises abrangentes do ambiente empresarial em n\u00edvel provincial, identificando oportunidades e desafios para as PME aqu\u00edcolas.<\/p>\n\n\n\n<p>Apoio T\u00e9cnico \u00e0s Empresas: Oferece suporte t\u00e9cnico \u00e0s empresas para melhorar sua conformidade com os requisitos de mercado, promovendo o desenvolvimento sustent\u00e1vel do sector.<\/p>\n\n\n\n<p><strong>Alinhamento com Estrat\u00e9gias Nacionais<\/strong><\/p>\n\n\n\n<p>Coopera\u00e7\u00e3o com Iniciativas Nacionais: Trabalhamos em estreita colabora\u00e7\u00e3o com as estrat\u00e9gias nacionais, como a Estrat\u00e9gia Nacional de Desenvolvimento e o Programa Nacional para Industrializar Mo\u00e7ambique, para impulsionar o sector aqu\u00edcola em direc\u00e7\u00e3o a metas comuns de desenvolvimento econ\u00f3mico e social.<\/p>\n\n\n\n<p><strong>Capacita\u00e7\u00e3o e Desenvolvimento de Compet\u00eancias<\/strong><\/p>\n\n\n\n<p>Avalia\u00e7\u00e3o de Necessidades e Planos de Ac\u00e7\u00e3o: Realizamos avalia\u00e7\u00f5es detalhadas das necessidades de treinamento e capacita\u00e7\u00e3o t\u00e9cnica, desenvolvendo planos de ac\u00e7\u00e3o para abordar lacunas identificadas.<\/p>\n\n\n\n<p>Treinamento de Inspectores Oficiais: Capacitamos inspectores oficiais para fortalecer a conformidade com os requisitos de qualidade e seguran\u00e7a alimentar.<\/p>\n\n\n\n<p><strong>Treinamento e Desenvolvimento Institucional.<\/strong><\/p>\n\n\n\n<p>O objectivo \u00e9 maximizar o aproveitamento do potencial existente de forma sustent\u00e1vel do ponto de vista socioecon\u00f3mico e ambiental. A catalisa\u00e7\u00e3o da produ\u00e7\u00e3o aqu\u00edcola dever\u00e1 contribuir para a seguran\u00e7a alimentar e nutricional, a cria\u00e7\u00e3o de emprego e uma balan\u00e7a comercial positiva, bem como reduzir a press\u00e3o sobre a pesca extractiva. A estrat\u00e9gia desenvolvida tem objectivos ambiciosos de alcan\u00e7ar, at\u00e9 ao final de 2030, cerca de 400.000 toneladas de peixe produzido atrav\u00e9s da aquacultura, a cria\u00e7\u00e3o de mais de 500.000 empregos no sector, o refor\u00e7o da participa\u00e7\u00e3o dos pequenos piscicultores e a sustentabilidade de um sistema produtivo comercial robusto.\u00a0 Espera-se que esta meta seja alcan\u00e7ada atrav\u00e9s da promo\u00e7\u00e3o da aquacultura comercial baseada em parcerias p\u00fablicas, privadas e comunit\u00e1rias.<\/p>\n\n\n\n<div class=\"wp-block-media-text is-stacked-on-mobile\"><figure class=\"wp-block-media-text__media\"><img decoding=\"async\" width=\"768\" height=\"1024\" src=\"https:\/\/icar.co.mz\/GMAP\/wp-content\/uploads\/2024\/03\/1692627851056-768x1024.jpg\" alt=\"\" class=\"wp-image-654 size-full\" srcset=\"https:\/\/icar.co.mz\/GMAP\/wp-content\/uploads\/2024\/03\/1692627851056-768x1024.jpg 768w, https:\/\/icar.co.mz\/GMAP\/wp-content\/uploads\/2024\/03\/1692627851056-225x300.jpg 225w, https:\/\/icar.co.mz\/GMAP\/wp-content\/uploads\/2024\/03\/1692627851056-1152x1536.jpg 1152w, https:\/\/icar.co.mz\/GMAP\/wp-content\/uploads\/2024\/03\/1692627851056.jpg 1200w\" sizes=\"(max-width: 768px) 100vw, 768px\" \/><\/figure><div class=\"wp-block-media-text__content\">\n<p><strong>Treinamento e Desenvolvimento Institucional.<\/strong><\/p>\n\n\n\n<p>O objectivo \u00e9 maximizar o aproveitamento do potencial existente de forma sustent\u00e1vel do ponto de vista socioecon\u00f3mico e ambiental. A catalisa\u00e7\u00e3o da produ\u00e7\u00e3o aqu\u00edcola dever\u00e1 contribuir para a seguran\u00e7a alimentar e nutricional, a cria\u00e7\u00e3o de emprego e uma balan\u00e7a comercial positiva, bem como reduzir a press\u00e3o sobre a pesca extractiva. A estrat\u00e9gia desenvolvida tem objectivos ambiciosos de alcan\u00e7ar, at\u00e9 ao final de 2030, cerca de 400.000 toneladas de peixe produzido atrav\u00e9s da aquacultura, a cria\u00e7\u00e3o de mais de 500.000 empregos no sector, o refor\u00e7o da participa\u00e7\u00e3o dos pequenos piscicultores e a sustentabilidade de um sistema produtivo comercial robusto.\u00a0 Espera-se que esta meta seja alcan\u00e7ada atrav\u00e9s da promo\u00e7\u00e3o da aquacultura comercial baseada em parcerias p\u00fablicas, privadas e comunit\u00e1rias.<\/p>\n<\/div><\/div>\n","protected":false},"excerpt":{"rendered":"<p>Governan\u00e7a do Projecto A principal contraparte nacional \u00e9 o Minist\u00e9rio do Mar, \u00c1guas Interiores e Pescas (MIMAIP), sendo o INIP e o IDEPA as principais institui\u00e7\u00f5es benefici\u00e1rias ligadas ao sector. [&hellip;]<\/p>\n","protected":false},"author":1,"featured_media":657,"parent":0,"menu_order":0,"comment_status":"closed","ping_status":"closed","template":"page-template\/right-template.php","meta":{"footnotes":""},"class_list":["post-128","page","type-page","status-publish","has-post-thumbnail","hentry"],"yoast_head":"<!-- This site is optimized with the Yoast SEO plugin v22.6 - https:\/\/yoast.com\/wordpress\/plugins\/seo\/ -->\n<title>O que fazemos - GMAP<\/title>\n<meta name=\"robots\" content=\"index, follow, max-snippet:-1, max-image-preview:large, max-video-preview:-1\" \/>\n<link rel=\"canonical\" href=\"https:\/\/icar.co.mz\/GMAP\/index.php\/o-que-fazemos\/\" \/>\n<meta property=\"og:locale\" content=\"pt_PT\" \/>\n<meta property=\"og:type\" content=\"article\" \/>\n<meta property=\"og:title\" content=\"O que fazemos - GMAP\" \/>\n<meta property=\"og:description\" content=\"Governan\u00e7a do Projecto A principal contraparte nacional \u00e9 o Minist\u00e9rio do Mar, \u00c1guas Interiores e Pescas (MIMAIP), sendo o INIP e o IDEPA as principais institui\u00e7\u00f5es benefici\u00e1rias ligadas ao sector. [&hellip;]\" \/>\n<meta property=\"og:url\" content=\"https:\/\/icar.co.mz\/GMAP\/index.php\/o-que-fazemos\/\" \/>\n<meta property=\"og:site_name\" content=\"GMAP\" \/>\n<meta property=\"article:modified_time\" content=\"2024-03-28T12:41:56+00:00\" \/>\n<meta property=\"og:image\" content=\"https:\/\/icar.co.mz\/GMAP\/wp-content\/uploads\/2024\/03\/1692627849941-e1710419019466.jpg\" \/>\n\t<meta property=\"og:image:width\" content=\"1600\" \/>\n\t<meta property=\"og:image:height\" content=\"912\" \/>\n\t<meta property=\"og:image:type\" content=\"image\/jpeg\" \/>\n<meta name=\"twitter:card\" content=\"summary_large_image\" \/>\n<meta name=\"twitter:label1\" content=\"Est. reading time\" \/>\n\t<meta name=\"twitter:data1\" content=\"4 minutos\" \/>\n<script type=\"application\/ld+json\" class=\"yoast-schema-graph\">{\"@context\":\"https:\/\/schema.org\",\"@graph\":[{\"@type\":\"WebPage\",\"@id\":\"https:\/\/icar.co.mz\/GMAP\/index.php\/o-que-fazemos\/\",\"url\":\"https:\/\/icar.co.mz\/GMAP\/index.php\/o-que-fazemos\/\",\"name\":\"O que fazemos - GMAP\",\"isPartOf\":{\"@id\":\"https:\/\/icar.co.mz\/GMAP\/#website\"},\"primaryImageOfPage\":{\"@id\":\"https:\/\/icar.co.mz\/GMAP\/index.php\/o-que-fazemos\/#primaryimage\"},\"image\":{\"@id\":\"https:\/\/icar.co.mz\/GMAP\/index.php\/o-que-fazemos\/#primaryimage\"},\"thumbnailUrl\":\"https:\/\/icar.co.mz\/GMAP\/wp-content\/uploads\/2024\/03\/1692627849941-e1710419019466.jpg\",\"datePublished\":\"2024-02-29T10:52:01+00:00\",\"dateModified\":\"2024-03-28T12:41:56+00:00\",\"breadcrumb\":{\"@id\":\"https:\/\/icar.co.mz\/GMAP\/index.php\/o-que-fazemos\/#breadcrumb\"},\"inLanguage\":\"pt-PT\",\"potentialAction\":[{\"@type\":\"ReadAction\",\"target\":[\"https:\/\/icar.co.mz\/GMAP\/index.php\/o-que-fazemos\/\"]}]},{\"@type\":\"ImageObject\",\"inLanguage\":\"pt-PT\",\"@id\":\"https:\/\/icar.co.mz\/GMAP\/index.php\/o-que-fazemos\/#primaryimage\",\"url\":\"https:\/\/icar.co.mz\/GMAP\/wp-content\/uploads\/2024\/03\/1692627849941-e1710419019466.jpg\",\"contentUrl\":\"https:\/\/icar.co.mz\/GMAP\/wp-content\/uploads\/2024\/03\/1692627849941-e1710419019466.jpg\",\"width\":1600,\"height\":912},{\"@type\":\"BreadcrumbList\",\"@id\":\"https:\/\/icar.co.mz\/GMAP\/index.php\/o-que-fazemos\/#breadcrumb\",\"itemListElement\":[{\"@type\":\"ListItem\",\"position\":1,\"name\":\"Home\",\"item\":\"https:\/\/icar.co.mz\/GMAP\/\"},{\"@type\":\"ListItem\",\"position\":2,\"name\":\"O que fazemos\"}]},{\"@type\":\"WebSite\",\"@id\":\"https:\/\/icar.co.mz\/GMAP\/#website\",\"url\":\"https:\/\/icar.co.mz\/GMAP\/\",\"name\":\"GMAP\",\"description\":\"\",\"publisher\":{\"@id\":\"https:\/\/icar.co.mz\/GMAP\/#organization\"},\"potentialAction\":[{\"@type\":\"SearchAction\",\"target\":{\"@type\":\"EntryPoint\",\"urlTemplate\":\"https:\/\/icar.co.mz\/GMAP\/?s={search_term_string}\"},\"query-input\":\"required name=search_term_string\"}],\"inLanguage\":\"pt-PT\"},{\"@type\":\"Organization\",\"@id\":\"https:\/\/icar.co.mz\/GMAP\/#organization\",\"name\":\"GMAP\",\"url\":\"https:\/\/icar.co.mz\/GMAP\/\",\"logo\":{\"@type\":\"ImageObject\",\"inLanguage\":\"pt-PT\",\"@id\":\"https:\/\/icar.co.mz\/GMAP\/#\/schema\/logo\/image\/\",\"url\":\"https:\/\/icar.co.mz\/GMAP\/wp-content\/uploads\/2024\/03\/MAMAP-LOGO.jpg\",\"contentUrl\":\"https:\/\/icar.co.mz\/GMAP\/wp-content\/uploads\/2024\/03\/MAMAP-LOGO.jpg\",\"width\":992,\"height\":357,\"caption\":\"GMAP\"},\"image\":{\"@id\":\"https:\/\/icar.co.mz\/GMAP\/#\/schema\/logo\/image\/\"}}]}<\/script>\n<!-- \/ Yoast SEO plugin. -->","yoast_head_json":{"title":"O que fazemos - GMAP","robots":{"index":"index","follow":"follow","max-snippet":"max-snippet:-1","max-image-preview":"max-image-preview:large","max-video-preview":"max-video-preview:-1"},"canonical":"https:\/\/icar.co.mz\/GMAP\/index.php\/o-que-fazemos\/","og_locale":"pt_PT","og_type":"article","og_title":"O que fazemos - GMAP","og_description":"Governan\u00e7a do Projecto A principal contraparte nacional \u00e9 o Minist\u00e9rio do Mar, \u00c1guas Interiores e Pescas (MIMAIP), sendo o INIP e o IDEPA as principais institui\u00e7\u00f5es benefici\u00e1rias ligadas ao sector. [&hellip;]","og_url":"https:\/\/icar.co.mz\/GMAP\/index.php\/o-que-fazemos\/","og_site_name":"GMAP","article_modified_time":"2024-03-28T12:41:56+00:00","og_image":[{"width":1600,"height":912,"url":"https:\/\/icar.co.mz\/GMAP\/wp-content\/uploads\/2024\/03\/1692627849941-e1710419019466.jpg","type":"image\/jpeg"}],"twitter_card":"summary_large_image","twitter_misc":{"Est. reading time":"4 minutos"},"schema":{"@context":"https:\/\/schema.org","@graph":[{"@type":"WebPage","@id":"https:\/\/icar.co.mz\/GMAP\/index.php\/o-que-fazemos\/","url":"https:\/\/icar.co.mz\/GMAP\/index.php\/o-que-fazemos\/","name":"O que fazemos - GMAP","isPartOf":{"@id":"https:\/\/icar.co.mz\/GMAP\/#website"},"primaryImageOfPage":{"@id":"https:\/\/icar.co.mz\/GMAP\/index.php\/o-que-fazemos\/#primaryimage"},"image":{"@id":"https:\/\/icar.co.mz\/GMAP\/index.php\/o-que-fazemos\/#primaryimage"},"thumbnailUrl":"https:\/\/icar.co.mz\/GMAP\/wp-content\/uploads\/2024\/03\/1692627849941-e1710419019466.jpg","datePublished":"2024-02-29T10:52:01+00:00","dateModified":"2024-03-28T12:41:56+00:00","breadcrumb":{"@id":"https:\/\/icar.co.mz\/GMAP\/index.php\/o-que-fazemos\/#breadcrumb"},"inLanguage":"pt-PT","potentialAction":[{"@type":"ReadAction","target":["https:\/\/icar.co.mz\/GMAP\/index.php\/o-que-fazemos\/"]}]},{"@type":"ImageObject","inLanguage":"pt-PT","@id":"https:\/\/icar.co.mz\/GMAP\/index.php\/o-que-fazemos\/#primaryimage","url":"https:\/\/icar.co.mz\/GMAP\/wp-content\/uploads\/2024\/03\/1692627849941-e1710419019466.jpg","contentUrl":"https:\/\/icar.co.mz\/GMAP\/wp-content\/uploads\/2024\/03\/1692627849941-e1710419019466.jpg","width":1600,"height":912},{"@type":"BreadcrumbList","@id":"https:\/\/icar.co.mz\/GMAP\/index.php\/o-que-fazemos\/#breadcrumb","itemListElement":[{"@type":"ListItem","position":1,"name":"Home","item":"https:\/\/icar.co.mz\/GMAP\/"},{"@type":"ListItem","position":2,"name":"O que fazemos"}]},{"@type":"WebSite","@id":"https:\/\/icar.co.mz\/GMAP\/#website","url":"https:\/\/icar.co.mz\/GMAP\/","name":"GMAP","description":"","publisher":{"@id":"https:\/\/icar.co.mz\/GMAP\/#organization"},"potentialAction":[{"@type":"SearchAction","target":{"@type":"EntryPoint","urlTemplate":"https:\/\/icar.co.mz\/GMAP\/?s={search_term_string}"},"query-input":"required name=search_term_string"}],"inLanguage":"pt-PT"},{"@type":"Organization","@id":"https:\/\/icar.co.mz\/GMAP\/#organization","name":"GMAP","url":"https:\/\/icar.co.mz\/GMAP\/","logo":{"@type":"ImageObject","inLanguage":"pt-PT","@id":"https:\/\/icar.co.mz\/GMAP\/#\/schema\/logo\/image\/","url":"https:\/\/icar.co.mz\/GMAP\/wp-content\/uploads\/2024\/03\/MAMAP-LOGO.jpg","contentUrl":"https:\/\/icar.co.mz\/GMAP\/wp-content\/uploads\/2024\/03\/MAMAP-LOGO.jpg","width":992,"height":357,"caption":"GMAP"},"image":{"@id":"https:\/\/icar.co.mz\/GMAP\/#\/schema\/logo\/image\/"}}]}},"_links":{"self":[{"href":"https:\/\/icar.co.mz\/GMAP\/index.php\/wp-json\/wp\/v2\/pages\/128","targetHints":{"allow":["GET"]}}],"collection":[{"href":"https:\/\/icar.co.mz\/GMAP\/index.php\/wp-json\/wp\/v2\/pages"}],"about":[{"href":"https:\/\/icar.co.mz\/GMAP\/index.php\/wp-json\/wp\/v2\/types\/page"}],"author":[{"embeddable":true,"href":"https:\/\/icar.co.mz\/GMAP\/index.php\/wp-json\/wp\/v2\/users\/1"}],"replies":[{"embeddable":true,"href":"https:\/\/icar.co.mz\/GMAP\/index.php\/wp-json\/wp\/v2\/comments?post=128"}],"version-history":[{"count":9,"href":"https:\/\/icar.co.mz\/GMAP\/index.php\/wp-json\/wp\/v2\/pages\/128\/revisions"}],"predecessor-version":[{"id":674,"href":"https:\/\/icar.co.mz\/GMAP\/index.php\/wp-json\/wp\/v2\/pages\/128\/revisions\/674"}],"wp:featuredmedia":[{"embeddable":true,"href":"https:\/\/icar.co.mz\/GMAP\/index.php\/wp-json\/wp\/v2\/media\/657"}],"wp:attachment":[{"href":"https:\/\/icar.co.mz\/GMAP\/index.php\/wp-json\/wp\/v2\/media?parent=128"}],"curies":[{"name":"wp","href":"https:\/\/api.w.org\/{rel}","templated":true}]}}