{"id":133,"date":"2024-02-29T10:56:56","date_gmt":"2024-02-29T10:56:56","guid":{"rendered":"https:\/\/icar.co.mz\/GMAP\/?page_id=133"},"modified":"2024-05-09T11:14:21","modified_gmt":"2024-05-09T11:14:21","slug":"com-quem-trabalhamos","status":"publish","type":"page","link":"https:\/\/icar.co.mz\/GMAP\/index.php\/com-quem-trabalhamos\/","title":{"rendered":"Com quem trabalhamos"},"content":{"rendered":"\n<p><strong>Organiza\u00e7\u00e3o das Na\u00e7\u00f5es Unidas para o Desenvolvimento Industrial (UNIDO):<\/strong> Em colabora\u00e7\u00e3o com a UNIDO, estamos a implementar iniciativas inovadoras como parte do Programa de Acesso ao Mercado Global (GMAP). Trabalhamos juntos para fortalecer a competitividade das pequenas e m\u00e9dias empresas aqu\u00edcolas em Mo\u00e7ambique, promovendo pr\u00e1ticas sustent\u00e1veis e acess\u00edveis.<\/p>\n\n\n\n<p><strong>Ag\u00eancia Norueguesa de Coopera\u00e7\u00e3o para o Desenvolvimento (Norad):<\/strong>&nbsp; Nossa parceria com a Norad \u00e9 essencial para melhorar os padr\u00f5es de qualidade e conformidade das PME mo\u00e7ambicanas. Atrav\u00e9s do GMAP, estamos a implementar projectos que capacitam os empreendedores locais e impulsionam o crescimento econ\u00f3mico de forma inclusiva.<\/p>\n\n\n\n<p><strong>Minist\u00e9rio do Mar, \u00c1guas Interiores e Pescas (MIMAIP):<\/strong> Trabalhamos em estreita colabora\u00e7\u00e3o com o MIMAIP, especialmente com o Instituto de Desenvolvimento da Pesca e da Aquacultura (IDEPA) e o Instituto Nacional de Inspec\u00e7\u00e3o das Pescas (INIP), para promover o desenvolvimento sustent\u00e1vel do sector aqu\u00edcola em Mo\u00e7ambique. A parceria visa garantir a gest\u00e3o respons\u00e1vel dos recursos naturais e o bem-estar das comunidades costeiras.<\/p>\n\n\n\n<figure class=\"wp-block-image size-full\"><img decoding=\"async\" width=\"600\" height=\"64\" src=\"https:\/\/icar.co.mz\/GMAP\/wp-content\/uploads\/2024\/02\/Partners-mamap-copy.jpg\" alt=\"\" class=\"wp-image-566\" srcset=\"https:\/\/icar.co.mz\/GMAP\/wp-content\/uploads\/2024\/02\/Partners-mamap-copy.jpg 600w, https:\/\/icar.co.mz\/GMAP\/wp-content\/uploads\/2024\/02\/Partners-mamap-copy-300x32.jpg 300w\" sizes=\"(max-width: 600px) 100vw, 600px\" \/><\/figure>\n","protected":false},"excerpt":{"rendered":"<p>Organiza\u00e7\u00e3o das Na\u00e7\u00f5es Unidas para o Desenvolvimento Industrial (UNIDO): Em colabora\u00e7\u00e3o com a UNIDO, estamos a implementar iniciativas inovadoras como parte do Programa de Acesso ao Mercado Global (GMAP). Trabalhamos [&hellip;]<\/p>\n","protected":false},"author":1,"featured_media":771,"parent":0,"menu_order":0,"comment_status":"closed","ping_status":"closed","template":"page-template\/right-template.php","meta":{"footnotes":""},"class_list":["post-133","page","type-page","status-publish","has-post-thumbnail","hentry"],"yoast_head":"<!-- This site is optimized with the Yoast SEO plugin v22.6 - https:\/\/yoast.com\/wordpress\/plugins\/seo\/ -->\n<title>Com quem trabalhamos - GMAP<\/title>\n<meta name=\"robots\" content=\"index, follow, max-snippet:-1, max-image-preview:large, max-video-preview:-1\" \/>\n<link rel=\"canonical\" href=\"https:\/\/icar.co.mz\/GMAP\/index.php\/com-quem-trabalhamos\/\" \/>\n<meta property=\"og:locale\" content=\"pt_PT\" \/>\n<meta property=\"og:type\" content=\"article\" \/>\n<meta property=\"og:title\" content=\"Com quem trabalhamos - GMAP\" \/>\n<meta property=\"og:description\" content=\"Organiza\u00e7\u00e3o das Na\u00e7\u00f5es Unidas para o Desenvolvimento Industrial (UNIDO): Em colabora\u00e7\u00e3o com a UNIDO, estamos a implementar iniciativas inovadoras como parte do Programa de Acesso ao Mercado Global (GMAP). Trabalhamos [&hellip;]\" \/>\n<meta property=\"og:url\" content=\"https:\/\/icar.co.mz\/GMAP\/index.php\/com-quem-trabalhamos\/\" \/>\n<meta property=\"og:site_name\" content=\"GMAP\" \/>\n<meta property=\"article:modified_time\" content=\"2024-05-09T11:14:21+00:00\" \/>\n<meta property=\"og:image\" content=\"https:\/\/icar.co.mz\/GMAP\/wp-content\/uploads\/2024\/05\/mamap.jpg\" \/>\n\t<meta property=\"og:image:width\" content=\"1280\" \/>\n\t<meta property=\"og:image:height\" content=\"853\" \/>\n\t<meta property=\"og:image:type\" content=\"image\/jpeg\" \/>\n<meta name=\"twitter:card\" content=\"summary_large_image\" \/>\n<meta name=\"twitter:label1\" content=\"Est. reading time\" \/>\n\t<meta name=\"twitter:data1\" content=\"2 minutos\" \/>\n<script type=\"application\/ld+json\" class=\"yoast-schema-graph\">{\"@context\":\"https:\/\/schema.org\",\"@graph\":[{\"@type\":\"WebPage\",\"@id\":\"https:\/\/icar.co.mz\/GMAP\/index.php\/com-quem-trabalhamos\/\",\"url\":\"https:\/\/icar.co.mz\/GMAP\/index.php\/com-quem-trabalhamos\/\",\"name\":\"Com quem trabalhamos - GMAP\",\"isPartOf\":{\"@id\":\"https:\/\/icar.co.mz\/GMAP\/#website\"},\"primaryImageOfPage\":{\"@id\":\"https:\/\/icar.co.mz\/GMAP\/index.php\/com-quem-trabalhamos\/#primaryimage\"},\"image\":{\"@id\":\"https:\/\/icar.co.mz\/GMAP\/index.php\/com-quem-trabalhamos\/#primaryimage\"},\"thumbnailUrl\":\"https:\/\/icar.co.mz\/GMAP\/wp-content\/uploads\/2024\/05\/mamap.jpg\",\"datePublished\":\"2024-02-29T10:56:56+00:00\",\"dateModified\":\"2024-05-09T11:14:21+00:00\",\"breadcrumb\":{\"@id\":\"https:\/\/icar.co.mz\/GMAP\/index.php\/com-quem-trabalhamos\/#breadcrumb\"},\"inLanguage\":\"pt-PT\",\"potentialAction\":[{\"@type\":\"ReadAction\",\"target\":[\"https:\/\/icar.co.mz\/GMAP\/index.php\/com-quem-trabalhamos\/\"]}]},{\"@type\":\"ImageObject\",\"inLanguage\":\"pt-PT\",\"@id\":\"https:\/\/icar.co.mz\/GMAP\/index.php\/com-quem-trabalhamos\/#primaryimage\",\"url\":\"https:\/\/icar.co.mz\/GMAP\/wp-content\/uploads\/2024\/05\/mamap.jpg\",\"contentUrl\":\"https:\/\/icar.co.mz\/GMAP\/wp-content\/uploads\/2024\/05\/mamap.jpg\",\"width\":1280,\"height\":853},{\"@type\":\"BreadcrumbList\",\"@id\":\"https:\/\/icar.co.mz\/GMAP\/index.php\/com-quem-trabalhamos\/#breadcrumb\",\"itemListElement\":[{\"@type\":\"ListItem\",\"position\":1,\"name\":\"Home\",\"item\":\"https:\/\/icar.co.mz\/GMAP\/\"},{\"@type\":\"ListItem\",\"position\":2,\"name\":\"Com quem trabalhamos\"}]},{\"@type\":\"WebSite\",\"@id\":\"https:\/\/icar.co.mz\/GMAP\/#website\",\"url\":\"https:\/\/icar.co.mz\/GMAP\/\",\"name\":\"GMAP\",\"description\":\"\",\"publisher\":{\"@id\":\"https:\/\/icar.co.mz\/GMAP\/#organization\"},\"potentialAction\":[{\"@type\":\"SearchAction\",\"target\":{\"@type\":\"EntryPoint\",\"urlTemplate\":\"https:\/\/icar.co.mz\/GMAP\/?s={search_term_string}\"},\"query-input\":\"required name=search_term_string\"}],\"inLanguage\":\"pt-PT\"},{\"@type\":\"Organization\",\"@id\":\"https:\/\/icar.co.mz\/GMAP\/#organization\",\"name\":\"GMAP\",\"url\":\"https:\/\/icar.co.mz\/GMAP\/\",\"logo\":{\"@type\":\"ImageObject\",\"inLanguage\":\"pt-PT\",\"@id\":\"https:\/\/icar.co.mz\/GMAP\/#\/schema\/logo\/image\/\",\"url\":\"https:\/\/icar.co.mz\/GMAP\/wp-content\/uploads\/2024\/03\/MAMAP-LOGO.jpg\",\"contentUrl\":\"https:\/\/icar.co.mz\/GMAP\/wp-content\/uploads\/2024\/03\/MAMAP-LOGO.jpg\",\"width\":992,\"height\":357,\"caption\":\"GMAP\"},\"image\":{\"@id\":\"https:\/\/icar.co.mz\/GMAP\/#\/schema\/logo\/image\/\"}}]}<\/script>\n<!-- \/ Yoast SEO plugin. -->","yoast_head_json":{"title":"Com quem trabalhamos - GMAP","robots":{"index":"index","follow":"follow","max-snippet":"max-snippet:-1","max-image-preview":"max-image-preview:large","max-video-preview":"max-video-preview:-1"},"canonical":"https:\/\/icar.co.mz\/GMAP\/index.php\/com-quem-trabalhamos\/","og_locale":"pt_PT","og_type":"article","og_title":"Com quem trabalhamos - GMAP","og_description":"Organiza\u00e7\u00e3o das Na\u00e7\u00f5es Unidas para o Desenvolvimento Industrial (UNIDO): Em colabora\u00e7\u00e3o com a UNIDO, estamos a implementar iniciativas inovadoras como parte do Programa de Acesso ao Mercado Global (GMAP). Trabalhamos [&hellip;]","og_url":"https:\/\/icar.co.mz\/GMAP\/index.php\/com-quem-trabalhamos\/","og_site_name":"GMAP","article_modified_time":"2024-05-09T11:14:21+00:00","og_image":[{"width":1280,"height":853,"url":"https:\/\/icar.co.mz\/GMAP\/wp-content\/uploads\/2024\/05\/mamap.jpg","type":"image\/jpeg"}],"twitter_card":"summary_large_image","twitter_misc":{"Est. reading time":"2 minutos"},"schema":{"@context":"https:\/\/schema.org","@graph":[{"@type":"WebPage","@id":"https:\/\/icar.co.mz\/GMAP\/index.php\/com-quem-trabalhamos\/","url":"https:\/\/icar.co.mz\/GMAP\/index.php\/com-quem-trabalhamos\/","name":"Com quem trabalhamos - GMAP","isPartOf":{"@id":"https:\/\/icar.co.mz\/GMAP\/#website"},"primaryImageOfPage":{"@id":"https:\/\/icar.co.mz\/GMAP\/index.php\/com-quem-trabalhamos\/#primaryimage"},"image":{"@id":"https:\/\/icar.co.mz\/GMAP\/index.php\/com-quem-trabalhamos\/#primaryimage"},"thumbnailUrl":"https:\/\/icar.co.mz\/GMAP\/wp-content\/uploads\/2024\/05\/mamap.jpg","datePublished":"2024-02-29T10:56:56+00:00","dateModified":"2024-05-09T11:14:21+00:00","breadcrumb":{"@id":"https:\/\/icar.co.mz\/GMAP\/index.php\/com-quem-trabalhamos\/#breadcrumb"},"inLanguage":"pt-PT","potentialAction":[{"@type":"ReadAction","target":["https:\/\/icar.co.mz\/GMAP\/index.php\/com-quem-trabalhamos\/"]}]},{"@type":"ImageObject","inLanguage":"pt-PT","@id":"https:\/\/icar.co.mz\/GMAP\/index.php\/com-quem-trabalhamos\/#primaryimage","url":"https:\/\/icar.co.mz\/GMAP\/wp-content\/uploads\/2024\/05\/mamap.jpg","contentUrl":"https:\/\/icar.co.mz\/GMAP\/wp-content\/uploads\/2024\/05\/mamap.jpg","width":1280,"height":853},{"@type":"BreadcrumbList","@id":"https:\/\/icar.co.mz\/GMAP\/index.php\/com-quem-trabalhamos\/#breadcrumb","itemListElement":[{"@type":"ListItem","position":1,"name":"Home","item":"https:\/\/icar.co.mz\/GMAP\/"},{"@type":"ListItem","position":2,"name":"Com quem trabalhamos"}]},{"@type":"WebSite","@id":"https:\/\/icar.co.mz\/GMAP\/#website","url":"https:\/\/icar.co.mz\/GMAP\/","name":"GMAP","description":"","publisher":{"@id":"https:\/\/icar.co.mz\/GMAP\/#organization"},"potentialAction":[{"@type":"SearchAction","target":{"@type":"EntryPoint","urlTemplate":"https:\/\/icar.co.mz\/GMAP\/?s={search_term_string}"},"query-input":"required name=search_term_string"}],"inLanguage":"pt-PT"},{"@type":"Organization","@id":"https:\/\/icar.co.mz\/GMAP\/#organization","name":"GMAP","url":"https:\/\/icar.co.mz\/GMAP\/","logo":{"@type":"ImageObject","inLanguage":"pt-PT","@id":"https:\/\/icar.co.mz\/GMAP\/#\/schema\/logo\/image\/","url":"https:\/\/icar.co.mz\/GMAP\/wp-content\/uploads\/2024\/03\/MAMAP-LOGO.jpg","contentUrl":"https:\/\/icar.co.mz\/GMAP\/wp-content\/uploads\/2024\/03\/MAMAP-LOGO.jpg","width":992,"height":357,"caption":"GMAP"},"image":{"@id":"https:\/\/icar.co.mz\/GMAP\/#\/schema\/logo\/image\/"}}]}},"_links":{"self":[{"href":"https:\/\/icar.co.mz\/GMAP\/index.php\/wp-json\/wp\/v2\/pages\/133","targetHints":{"allow":["GET"]}}],"collection":[{"href":"https:\/\/icar.co.mz\/GMAP\/index.php\/wp-json\/wp\/v2\/pages"}],"about":[{"href":"https:\/\/icar.co.mz\/GMAP\/index.php\/wp-json\/wp\/v2\/types\/page"}],"author":[{"embeddable":true,"href":"https:\/\/icar.co.mz\/GMAP\/index.php\/wp-json\/wp\/v2\/users\/1"}],"replies":[{"embeddable":true,"href":"https:\/\/icar.co.mz\/GMAP\/index.php\/wp-json\/wp\/v2\/comments?post=133"}],"version-history":[{"count":12,"href":"https:\/\/icar.co.mz\/GMAP\/index.php\/wp-json\/wp\/v2\/pages\/133\/revisions"}],"predecessor-version":[{"id":693,"href":"https:\/\/icar.co.mz\/GMAP\/index.php\/wp-json\/wp\/v2\/pages\/133\/revisions\/693"}],"wp:featuredmedia":[{"embeddable":true,"href":"https:\/\/icar.co.mz\/GMAP\/index.php\/wp-json\/wp\/v2\/media\/771"}],"wp:attachment":[{"href":"https:\/\/icar.co.mz\/GMAP\/index.php\/wp-json\/wp\/v2\/media?parent=133"}],"curies":[{"name":"wp","href":"https:\/\/api.w.org\/{rel}","templated":true}]}}